 is -88 (base 13) in base 14?
-80
Convert 83 (base 15) to base 5.
443
Convert 1001101 (base 2) to base 13.
5c
Convert -10 (base 16) to base 5.
-31
20001 (base 3) to base 15
ad
1021 (base 3) to base 11
31
Convert 113 (base 4) to base 5.
43
What is -322 (base 5) in base 9?
-106
-8 (base 9) to base 3
-22
What is -1101001 (base 2) in base 4?
-1221
What is -9 (base 13) in base 12?
-9
Convert -214 (base 5) to base 6.
-135
Convert 42 (base 10) to base 14.
30
Convert -25 (base 9) to base 10.
-23
Convert -254 (base 8) to base 5.
-1142
Convert -1100 (base 2) to base 12.
-10
-3 (base 4) to base 9
-3
Convert -122 (base 7) to base 2.
-1000001
1010 (base 2) to base 7
13
Convert -13 (base 11) to base 3.
-112
-29 (base 14) to base 15
-27
Convert 10110000 (base 2) to base 9.
215
Convert -10 (base 9) to base 16.
-9
What is 14 (base 16) in base 4?
110
What is a (base 14) in base 8?
12
Convert 46 (base 13) to base 2.
111010
Convert -10 (base 14) to base 11.
-13
What is 376 (base 8) in base 3?
100102
9c (base 16) to base 2
10011100
Convert 157 (base 9) to base 13.
a3
Convert -b (base 14) to base 12.
-b
Convert 3 (base 7) to base 13.
3
213 (base 10) to base 13
135
2 (base 10) to base 5
2
What is -2000 (base 4) in base 3?
-11202
Convert 36 (base 7) to base 15.
1c
Convert 23 (base 5) to base 11.
12
What is -3 (base 16) in base 15?
-3
Convert -1 (base 4) to base 12.
-1
What is -12 (base 9) in base 13?
-b
What is -400 (base 7) in base 12?
-144
What is 55 (base 9) in base 4?
302
Convert 14 (base 7) to base 16.
b
86 (base 16) to base 12
b2
What is -121 (base 4) in base 6?
-41
-1032 (base 4) to base 3
-2220
What is -2 (base 7) in base 13?
-2
Convert -2021 (base 3) to base 9.
-67
What is -1 (base 15) in base 4?
-1
0 (base 9) to base 15
0
What is -12 (base 7) in base 9?
-10
-12 (base 10) to base 12
-10
What is 3 (base 16) in base 3?
10
Convert -34 (base 9) to base 11.
-29
10 (base 3) to base 5
3
-4 (base 10) to base 3
-11
What is -52 (base 12) in base 2?
-111110
Convert -3 (base 15) to base 3.
-10
What is 0 (base 2) in base 5?
0
Convert 80 (base 13) to base 4.
1220
What is 3 (base 14) in base 8?
3
What is 122 (base 3) in base 13?
14
Convert -12 (base 6) to base 5.
-13
-233 (base 5) to base 14
-4c
-20012 (base 3) to base 14
-bd
Convert -4 (base 6) to base 9.
-4
4 (base 10) to base 8
4
Convert 10 (base 4) to base 16.
4
5 (base 8) to base 13
5
What is -55 (base 7) in base 6?
-104
What is -17 (base 16) in base 15?
-18
What is 11 (base 5) in base 2?
110
-2201 (base 3) to base 10
-73
Convert 15 (base 11) to base 15.
11
Convert -1030 (base 4) to base 10.
-76
1101010 (base 2) to base 12
8a
Convert 202 (base 7) to base 9.
121
What is -8 (base 16) in base 7?
-11
-36 (base 11) to base 16
-27
2 (base 14) to base 3
2
Convert -257 (base 12) to base 16.
-163
What is 174 (base 10) in base 16?
ae
Convert 19 (base 14) to base 16.
17
What is -241 (base 6) in base 10?
-97
What is 3 (base 16) in base 7?
3
What is -3 (base 10) in base 4?
-3
Convert 0 (base 12) to base 6.
0
-56 (base 7) to base 3
-1112
Convert -41 (base 7) to base 10.
-29
What is -23 (base 4) in base 16?
-b
34 (base 12) to base 3
1111
What is 22 (base 12) in base 6?
42
Convert -2 (base 10) to base 2.
-10
Convert 12 (base 15) to base 5.
32
What is -14 (base 11) in base 4?
-33
Convert -1c (base 13) to base 4.
-121
-233 (base 4) to base 9
-52
Convert -10 (base 6) to base 11.
-6
Convert 5 (base 10) to base 3.
12
What is -118 (base 12) in base 16?
-a4
-4 (base 6) to base 9
-4
What is -16 (base 16) in base 2?
-10110
What is -23 (base 11) in base 15?
-1a
What is -10110100 (base 2) in base 12?
-130
Convert -46 (base 9) to base 16.
-2a
What is -176 (base 9) in base 12?
-106
6 (base 16) to base 13
6
4 (base 5) to base 14
4
What is -24 (base 14) in base 6?
-52
-110011 (base 2) to base 13
-3c
What is 0 (base 14) in base 3?
0
-4 (base 14) to base 8
-4
What is -26 (base 8) in base 12?
-1a
Convert 28 (base 11) to base 15.
20
Convert 2 (base 4) to base 6.
2
What is 133 (base 4) in base 10?
31
What is 1 (base 6) in base 7?
1
Convert 10 (base 10) to base 5.
20
What is 5 (base 14) in base 8?
5
-101010 (base 2) to base 3
-1120
What is -104 (base 6) in base 16?
-28
What is 79 (base 12) in base 10?
93
What is -222 (base 5) in base 16?
-3e
-21 (base 16) to base 14
-25
Convert -11 (base 14) to base 13.
-12
What is 2 (base 14) in base 15?
2
What is -133 (base 7) in base 16?
-49
-4 (base 14) to base 13
-4
What is 2 (base 7) in base 14?
2
What is -76 (base 14) in base 2?
-1101000
-111 (base 3) to base 12
-11
-6 (base 14) to base 8
-6
What is -3 (base 9) in base 11?
-3
Convert -22022 (base 3) to base 8.
-340
43 (base 7) to base 9
34
11 (base 3) to base 8
4
What is -2 (base 8) in base 3?
-2
Convert -5 (base 13) to base 10.
-5
-c (base 13) to base 4
-30
Convert 57 (base 9) to base 8.
64
-111101 (base 2) to base 13
-49
What is -2 (base 8) in base 11?
-2
What is 2 (base 14) in base 13?
2
What is 73 (base 10) in base 7?
133
-73 (base 10) to base 5
-243
-3f (base 16) to base 7
-120
5 (base 10) to base 13
5
Convert 3 (base 6) to base 10.
3
What is 10 (base 15) in base 2?
1111
Convert -14 (base 10) to base 9.
-15
-1 (base 10) to base 14
-1
What is -35 (base 12) in base 6?
-105
-9 (base 10) to base 4
-21
What is ce (base 16) in base 5?
1311
Convert 101111 (base 2) to base 4.
233
3000 (base 4) to base 13
11a
Convert 14 (base 10) to base 3.
112
Convert -22 (base 3) to base 11.
-8
-10000 (base 2) to base 11
-15
Convert -2011 (base 3) to base 2.
-111010
Convert 7 (base 9) to base 5.
12
19 (base 10) to base 13
16
Convert a (base 14) to base 15.
a
1 (base 5) to base 9
1
What is 10 (base 2) in base 4?
2
What is -110 (base 2) in base 7?
-6
Convert 2 (base 11) to base 8.
2
What is 111 (base 5) in base 9?
34
What is -2 (base 4) in base 12?
-2
-64 (base 8) to base 2
-110100
Convert -10 (base 5) to base 13.
-5
Convert 21220 (base 3) to base 9.
256
What is 1 (base 15) in base 9?
1
-5 (base 8) to base 2
-101
What is 134 (base 5) in base 11?
40
What is -2 (base 8) in base 5?
-2
Convert 13 (base 11) to base 9.
15
1b (base 12) to base 13
1a
2 (base 3) to base 4
2
Convert 244 (base 6) to base 10.
100
Convert 1 (base 2) to base 9.
1
a (base 15) to base 8
12
Convert 12f (base 16) to base 10.
303
What is -3 (base 12) in base 8?
-3
Convert 120 (base 4) to base 7.
33
2 (base 10) to base 15
2
Convert -7 (base 16) to base 4.
-13
Convert -23 (base 14) to base 6.
-51
-1d (base 16) to base 4
-131
-13 (base 6) to base 11
-9
0 (base 4) to base 11
0
-2 (base 12) to base 3
-2
-21 (base 8) to base 6
-25
Convert 2 (base 12) to base 4.
2
2 (base 14) to base 5
2
What is 33 (base 7) in base 6?
40
Convert -2 (base 10) to base 9.
-2
-222 (base 3) to base 10
-26
What is -3 (base 9) in base 8?
-3
4 (base 15) to base 8
4
-1 (base 6) to base 2
-1
What is -4 (base 16) in base 14?
-4
14 (base 11) to base 15
10
What is 5 (base 9) in base 14?
5
Convert -121 (base 6) to base 7.
-100
Convert -11 (base 5) to base 4.
-12
188 (base 14) to base 7
631
Convert 3 (base 9) to base 12.
3
What is -28 (base 10) in base 4?
-130
71 (base 14) to base 13
78
Convert 1112 (base 3) to base 15.
2b
104 (base 7) to base 11
49
Convert -432 (base 5) to base 8.
-165
120 (base 6) to base 5
143
What is -1110101 (base 2) in base 16?
-75
Convert 100001 (base 2) to base 15.
23
Convert 228 (base 11) to base 12.
1a8
What is -142 (base 5) in base 3?
-1202
What is -12 (base 12) in base 2?
-1110
Convert 9 (base 10) to base 6.
13
Convert -1111 (base 3) to base 9.
-44
7 (base 9) to base 5
12
What is -24 (base 8) in base 13?
-17
2 (base 6) to base 5
2
What is -226 (base 7) in base 12?
-9a
Convert -24 (base 5) to base 13.
-11
What is -2 (base 6) in base 3?
-2
What is 11 (base 2) in base 7?
3
What is 7 (base 15) in base 7?
10
What is 113 (base 7) in base 15?
3e
What is 11 (base 4) in base 14?
5
Convert 16 (base 8) to base 4.
32
What is 6 (base 15) in base 10?
6
Convert 125 (base 15) to base 11.
217
10110010 (base 2) to base 13
109
6 (base 13) to base 7
6
11 (base 13) to base 10
14
What is -2 (base 4) in base 13?
-2
What is -6 (base 14) in base 9?
-6
Convert -1 (base 15) to base 5.
-1
20 (base 8) to base 6
24
What is 116 (base 8) in base 14?
58
15 (base 15) to base 3
202
Convert 220 (base 4) to base 12.
34
What is -6 (base 16) in base 3?
-20
What i